(-21)/6*s/(-21). Let w(x) = 4*x - 26. Let z be w(10). What is the highest common divisor of z and b?
2
Let h(g) = 3*g**2 - g + 1. Let s be -4 - 4/(-2)*1. Let t be h(s). Suppose -5*k = 3*i - 27, -3*k + 16 = 4*i - 2*i. What is the highest common divisor of t and k?
3
Let v(c) = c**3 + c + 5. Let k be v(0). Suppose -3*d - 34 = -2*a, 85 = 4*a + 2*d + 1. What is the greatest common divisor of a and k?
5
Let u = -75 + 123. Suppose 110 = 5*z - 5*t, -3*z + 5*t + 12 + u = 0. What is the greatest common factor of 125 and z?
25
Let t(j) = -j**3 - j**2 - j + 2. Suppose 0 = 5*n - 2*n + 24. Let x = n + 6. Let m be t(x). What is the greatest common divisor of 8 and m?
8
Let g be (-5 - -3)*(255/(-6))/5. What is the highest common factor of g and 799?
17
Let w be -15 - -17 - (-2 + -23). Calculate the greatest common factor of w and 459.
27
Suppose 0 = 4*n - 8, j = 2*n - 3*n + 6. Suppose -3*v = -j*p - 371, 0 = -0*v + 5*v - 2*p - 609. What is the greatest common divisor of v and 11?
11
Let h(a) = -a**3 - a**2 + 4*a - 4. Let b be h(-4). Let n = 27 + -27. Let m be (2 - 3) + (n - -225). Calculate the highest common divisor of b and m.
28
Let d(p) = 34*p - 16. Let y be d(2). What is the highest common divisor of 338 and y?
26
Let c be 1470/(-28) - 2/(-4). Let i be (13/(c/(-168)))/(0 - -2). Let m(v) = v**2 + v + 1. Let g be m(-3). Calculate the greatest common factor of g and i.
7
Let d(b) = b**3 + 34*b**2 + 141*b - 76. Let c be d(-28). What is the highest common factor of c and 595?
85
Let z = 83 + -57. Suppose -3*t = z - 74. Calculate the greatest common divisor of 12 and t.
4
Let j be (-282 - 0)*9/108*-4. Calculate the greatest common divisor of 658 and j.
94
Suppose -2*c - 3*k = -27, -4*c - k = -2*k - 47. Suppose -12*q = 9*q - 168. What is the highest common divisor of c and q?
4
Let u be 169/1 - 14/7. Suppose 4*q - 3*r = 6*q - 105, 3*q = 5*r + u. Calculate the greatest common divisor of q and 36.
18
Let p = -311 - -685. Let r be 5/(25/p) + (-13)/(-65). What is the greatest common factor of r and 30?
15
Suppose 0 = 2*o - 6*o + 16. Let c be (7 + -13 - 4)/(-2). Suppose -13 = c*t - o*t - 5*y, -3*t + 56 = 4*y. Calculate the greatest common factor of 3 and t.
3
Let z = -8 + 67. Suppose -l - 4*l + z = 3*u, -5*l - 32 = -4*u. Calculate the highest common divisor of u and 117.
13
Suppose -3*u + 36 = -2*u. Let q be (1*2)/(1/9). Calculate the highest common divisor of u and q.
18
Suppose 5*c - 23 + 3 = 0. Suppose d - 3*n = 24, 4*d - c*n - 99 = 29. Let p = 521 + -503. Calculate the greatest common factor of p and d.
18
Suppose g + 2*q + 85 = -2*g, -3*g + 4*q = 91. Let b = -7 - g. Calculate the highest common divisor of b and 11.
11
Let q(f) = f**2 + 3*f - 3. Let i be q(-4). Let p(r) = 2*r**2 - 50*r + 49. Let b be p(24). Calculate the highest common divisor of i and b.
1
Suppose 62 = 4*r - 98. Suppose n - 44 = 3*w, 3*n - 4*w = -3*w + 132. Suppose n = 6*g - 556. What is the greatest common divisor of r and g?
20
Let b(f) = 2*f**2 + 2*f - 16. Suppose 17 - 33 = -4*t. Let q be b(t). What is the highest common divisor of q and 18?
6
Let z(i) = i**3 + 5*i**2 + 3*i - 4. Let u be z(-3). Suppose -3*v + 5*b - 2*b + 18 = 0, u*v + 4*b - 39 = 0. What is the greatest common divisor of 28 and v?
7
Let y = 2351 + -1519. What is the greatest common divisor of y and 26?
26
Suppose -2*v + 4*i + 24 + 36 = 0, i + 120 = 4*v. Calculate the highest common divisor of v and 130.
10
Let u(s) = s + 1. Let k be u(10). Let p = k + -8. Suppose -5*b + m + 37 = -70, m - p = 0. Calculate the highest common divisor of 11 and b.
11
Suppose 0 = 22*d - 1573 - 209. What is the highest common factor of d and 18?
9
Let u(t) = -2*t + 11. Let w be 3/(-12) - 70/8. Let i be u(w). What is the greatest common factor of 116 and i?
29
Let f(o) = -21*o - 17. Let x(b) = 52*b + 42. Let i(g) = -12*f(g) - 5*x(g). Let l be i(-9). What is the greatest common divisor of 11 and l?
11
Let r(j) be the second derivative of j**4/6 + 3*j**3/2 + 2*j. Let u be r(-5). Calculate the highest common divisor of u and 45.
5
Suppose 4 = 5*x + 14. Let v be (10/(-20))/(x/72). Suppose -3*g + 0*g + 36 = 4*l, -3*g + 5*l + 36 = 0. Calculate the greatest common divisor of g and v.
6
Let t be 2 + 55/275*(1 - -4). Suppose -2*u = 17 - 65. What is the highest common factor of u and t?
3
Let h(n) = -2*n - 18. Let q be h(-13). Suppose -2*k - q = 3*o, k = -k + 4. Let r be (33/o)/(3/(-12)). Calculate the greatest common divisor of 11 and r.
11
Let x(b) = b**3 + 18*b**2 + 35*b + 177. Let t be x(-13). What is the greatest common divisor of 126 and t?
63
Let x(g) = g**3 + 17*g**2 + 20*g - 55. Let a be x(-15). What is the highest common divisor of 76 and a?
19
Suppose -525 = -6*h + 57. Let o = h + -83. Calculate the greatest common factor of o and 28.
14
Suppose 3*g - 21 = 2*g. Let q be (-5 - -3)*63/(-6). Suppose -3*u = -3*b - 0*b + q, u = 2*b - 10. Calculate the highest common factor of b and g.
3
Let q be (20/8 + -1)*-2. Let f(z) = 10*z**2 + 2*z + 4. Let l be f(q). Let b = -1 - -23. What is the highest common factor of l and b?
22
Suppose -128 = 2*l - 498. What is the greatest common divisor of 37 and l?
37
Let k be (-3)/7 - (-3030)/14. What is the greatest common factor of 72 and k?
72
Suppose -32*d + 2600 = 360. Calculate the greatest common factor of 28 and d.
14
Suppose 0 = 5*a + 4*b - 9, -10 = -4*a + 2*b + 18. Suppose 3*g + a*l = 172, -3*g + 100 = 2*l - 66. What is the highest common divisor of 6 and g?
6
Let o be 1 - 20/(-11) - 26/(-143). What is the greatest common divisor of o and 183?
3
Suppose 25 = 3*y - z, 5*z - 21 = -y - 2. Let q = -98 + 122. Calculate the greatest common factor of q and y.
3
Let p(m) = -m**3 - 7*m**2 - 7*m - 2. Let v be p(-6). Suppose 2*a + 15 = -3*a. Let h be (-8)/6*-6*a/(-12). What is the greatest common divisor of h and v?
2
Suppose 4*r - 2 = 2. Let y be 178/8 - r/4. Let j = 630 + -575. Calculate the highest common divisor of j and y.
11
Suppose 4 = c - n + 1, -5*c - 5*n = -35. Let a be (5/(-2))/(1/(-6)). Calculate the highest common divisor of a and c.
5
Suppose -l = -20 + 25. Let t be (-2 + 0)/(2/l). Let y(k) = k**3 + 9*k**2 + 7*k + 2. Let u be y(-8). Calculate the highest common factor of u and t.
5
Let b = -78 - -74. Let u be 96*2/(b + 8). What is the highest common divisor of 12 and u?
12
Let b(r) = 14*r**3 + 8*r**2 + 3*r - 4. Let c be b(3). What is the highest common factor of 65 and c?
65
Let o(k) = k**2 - 11*k - 56. Let q be o(-10). Calculate the highest common divisor of 28 and q.
14
Let s = -1191 + 1290. What is the highest common factor of s and 176?
11
Suppose -2*l = 3*r - 19, -4*l - 3*r + 3 + 44 = 0. Let v(x) = -17*x + 47. Let o be v(-3). Calculate the highest common factor of l and o.
14
Let f be (14/(-6))/(1 - 10/9). Calculate the highest common factor of 525 and f.
21
Let t be (2 - (-49)/7)/((-3)/(-100)). What is the greatest common divisor of t and 24?
12
Let y = -249 + 114. Let i = y - -343. Calculate the greatest common factor of i and 16.
16
Suppose -3*m + 3*f = 2*m + 285, -m = -4*f + 57. Let i = m + 96. Let w = 44 - 31. Calculate the greatest common factor of i and w.
13
Suppose 4*f = 2*i + 6, 3*f = 3*i - 2*i + 6. Suppose -f*l = -207 - 144. Calculate the highest common divisor of 13 and l.
13
Suppose -3*u = 0, -f + 368 = 3*f + u. Suppose -4*k = -l + f, 3*l - 3*k - 326 = -k. What is the greatest common factor of 16 and l?
16
Let j = 23 - 16. Let y = 18 - 10. Suppose -y = -4*m + 76. What is the greatest common divisor of j and m?
7
Let w be (-7)/(-3)*90/35. What is the greatest common divisor of 159 and w?
3
Let m be (-6)/2 - 16/(-2). Suppose -3*d - m*o + 38 = 0, 0*o = -3*o + 3. Calculate the greatest common divisor of d and 55.
11
Let t = 1524 - 1473. Calculate the greatest common factor of 17 and t.
17
Let o(g) = -33*g - 162. Let d be o(-6). Let k be (-636)/(-54) - (-4)/18. Calculate the highest common divisor of k and d.
12
Let g = 398 + -365. What is the highest common divisor of g and 44?
11
Let x(z) = -z**2 + 11*z - 20. Let j be x(8). Suppose j*l - 246 = -90. What is the greatest common factor of l and 26?
13
Let z be 2*20/(-8)*6/(-15). Suppose 3*y - 4*w - 848 = 0, -z*w = -0*w - 8. What is the greatest common factor of 36 and y?
36
Let d = -206 + 213. What is the greatest common divisor of 63 and d?
7